*2 - 5*x. What is the tens digit of t(5)?
4
Suppose 296340 + 199484 = 112*o. What is the tens digit of o?
2
Let a(i) = -1800*i + 63. What is the hundreds digit of a(-1)?
8
Suppose -3*f + 20 = -7*f. What is the units digit of (-4 - f)*80/2?
0
Suppose -2*x + 5*x + 3*d = 156, 0 = 5*x + 2*d - 245. Let g(p) = p**2 + p - 27. Let z be g(0). Let a = z + x. What is the units digit of a?
0
Let s be 3 - (0/1 + 0). Let g(v) = 2*v - 6. Let z be g(s). Suppose -k - 24 + 47 = z. What is the units digit of k?
3
Let g = 416 + -285. What is the units digit of g?
1
Let h = 58 - -1. Let k = h + 173. What is the tens digit of k?
3
Let u = -4 + 7. Suppose 10 = u*m - m. Suppose -5*r + 75 = m*v, 2*v + 5*r = 3*v - 21. What is the tens digit of v?
1
What is the tens digit of (-2)/(-5)*(1260 - 0)?
0
Let w(c) = 31*c - 10. Let s = 61 + -58. What is the units digit of w(s)?
3
Suppose 2*b + 347 = 1743. What is the units digit of b?
8
Let s = 41 - 44. What is the units digit of -4*(s + ((-177)/(-4))/(-3))?
1
Suppose 5*v - 458 = 4*k, 31*v - 2*k + 86 = 32*v. What is the tens digit of v?
9
Suppose 12 = 11*v - 7*v. Suppose u = -3*s + 325, v*u = -4*s + 8*u + 427. What is the units digit of s?
8
Let w = -132 + 939. What is the units digit of w?
7
Suppose 11*o = 5*o + 1056. Let z = 378 - o. What is the tens digit of z?
0
Suppose 0 = -10*t - 2484 + 13484. What is the units digit of t?
0
Let l(q) = -60*q + 50. Let g be l(16). What is the hundreds digit of ((-12)/(-10))/(-6 + (-5467)/g)?
1
Let g = 23 + -14. Let q = g + -4. Suppose 0*y = -5*y - q*z + 55, 3*y - 4*z = 5. What is the units digit of y?
7
What is the hundreds digit of 2 + 0 + -1 + 1098?
0
Suppose 1 = -10*o + 11. Suppose -5*w + 160 = 5*d, w - 3 + o = 0. What is the tens digit of d?
3
Suppose -29*n = -33*n + 8. What is the units digit of (n/3)/((-3)/(-45))?
0
Let o(g) be the second derivative of -g**4/12 + 4*g**3/3 - 5*g**2 - 9*g. Let c be o(6). Suppose -c*n + 6*n = 20. What is the units digit of n?
5
Suppose h + h - 3348 = 2*j, -4*j - 5020 = -3*h. What is the units digit of h?
6
Let b(v) = 53*v**2 - 22*v - 42. What is the tens digit of b(-7)?
0
Suppose 15 = 3*m - g - 5, -5*g + 44 = 3*m. Let u(s) = -980*s + 490*s + 3 + 499*s - s**2. What is the units digit of u(m)?
1
Suppose 408 = 2*y - 116. What is the tens digit of y?
6
Suppose 21*a - c = 16*a + 3667, 3669 = 5*a - 2*c. What is the units digit of a?
3
Let g(u) = 13*u - 115. What is the units digit of g(16)?
3
Let y be (-1)/2*((-9)/(-3) + 13). Let d = y - -162. What is the hundreds digit of d?
1
Let d be -3 + 1 - (-4 + -1). Let a be (-22)/d*(3 + -9). Let z = a + -20. What is the units digit of z?
4
Let z(p) = 56*p**3 - p**2 + p + 1. What is the units digit of z(1)?
7
Suppose v = -3*v + 16, -v = 3*t - 4. Let u be (-5 - -4)*-4 - t. Suppose p - 96 = -2*n, -2*p = -0*p - u. What is the tens digit of n?
4
Suppose -572 = -4*z - 4*x, -z + 3*x = -134 - 29. Suppose 3*w - z - 59 = 0. What is the tens digit of w?
6
Let r = 3218 - 2295. What is the units digit of r?
3
Let n(j) = j**3 + 16*j**2 + 11*j - 30. What is the tens digit of n(-15)?
3
Let z(m) = m**2 - m + 3. Let g be z(0). Suppose 3*u = 2*b + 53, -3*u + 6*u = 3. Let w = g - b. What is the tens digit of w?
2
Suppose 2*q - 5*l = 16, 55 + 1 = 4*q + 2*l. Let y be ((-66)/55)/(2/(-35)). Let u = y - q. What is the units digit of u?
8
Let y = 10 - 20. Let u(s) = -s**3 + s. Let h be u(2). Let o = h - y. What is the units digit of o?
4
Let v = -33 + 96. Let c = v + 1. What is the units digit of c?
4
Suppose 5*i - 4094 = x, 4*x = 5 - 1. What is the units digit of i?
9
Suppose n = 7*n - 54. Suppose -p + n = -16. What is the units digit of p?
5
Let n = 669 - 444. Suppose -7*t = -10*t + n. What is the tens digit of t?
7
Let k(p) = p**2 + 9*p + 18. Let a be k(-8). Suppose -a*x = -83 - 817. What is the tens digit of x?
9
Let u = -349 + 796. What is the tens digit of u?
4
Let z = -122 - -310. Suppose j - z = -h, h - 120 = 5*j + 98. What is the units digit of h?
3
Let x(p) = -7*p + 2*p + 3*p + 4*p**2. What is the tens digit of x(2)?
1
Let b = 214 + 360. What is the hundreds digit of b?
5
Suppose -26*f + 27*f - 410 = 0. Suppose -3*j = p - 623, 0 = -2*j - 2*p - 0*p + f. What is the tens digit of j?
0
Suppose 0 = -322*l + 331*l - 5310. What is the units digit of l?
0
Suppose 4*x - 38 = x + 4*f, 5*x = 2*f + 68. Suppose 0 = 3*d + 6, -2*y + d = -6*y + x. Suppose y*p - 2*p = 88. What is the tens digit of p?
4
Let u(f) = 6*f + 36. Let o be u(4). Suppose -20 = 4*w - o. What is the tens digit of w?
1
Suppose 0 = y + i - 3*i - 214, y = 4*i + 210. Let v = y - 102. What is the tens digit of v?
1
What is the units digit of 302 - (4 + (-5 - -6))?
7
Let z(f) = 22*f**2 + 7*f + 13. What is the tens digit of z(5)?
9
Let z = -701 - -2755. What is the thousands digit of z?
2
Let v = 4824 - 3021. What is the tens digit of v?
0
Let k be 6/7*(-84)/(-18). Let x be (-22)/(-4) + k/(-8). Suppose -x*g + 4*g + 27 = 0. What is the units digit of g?
7
Suppose 15210 = -216*l + 226*l. What is the thousands digit of l?
1
Suppose 0 = 40*p - 32*p - 3952. What is the units digit of p?
4
Let f(k) = 35*k - 50. What is the units digit of f(7)?
5
Suppose 0 = -5*w - 5*n + 2215, 5*w - 23*n + 27*n - 2217 = 0. What is the hundreds digit of w?
4
Let b(w) = 12*w**2 + 35*w + 12. What is the thousands digit of b(12)?
2
Let i = -23 - -25. What is the units digit of 15/((-10)/i) - -49?
6
Suppose 7*q + 13364 = -4213. What is the tens digit of 1 + (-2)/(-4) - q/18?
4
Let f(g) = 135*g - 102. What is the thousands digit of f(17)?
2
Suppose -17*o + 642 = -11*o. What is the hundreds digit of o?
1
Let x(q) = -2*q**2 - 5*q - 7. Let n be x(-3). Let j be 30/75 + (-46)/n. What is the units digit of (j - 7)/((-2)/6)?
6
What is the hundreds digit of (30/(-50))/(4/(-7660))?
1
Let v(a) = 46*a - 38. What is the tens digit of v(19)?
3
Suppose -5*v + 1583 - 358 = y, -3*v + 5*y + 763 = 0. What is the hundreds digit of v?
2
Suppose -11*r = -5*r + 6. Let i(z) = -93*z + 1. What is the tens digit of i(r)?
9
Let p be (0 - 1 - 0) + 20. Let z = -281 - -295. Let s = p - z. What is the units digit of s?
5
Suppose -7*g + 19675 = 1153. What is the hundreds digit of g?
6
Let j(u) = -2*u + 505. Let g be j(0). Suppose 5*m = -3*s + 651 + g, 2*m = -3*s + 466. What is the tens digit of m?
3
Let q = -24 - -22. Let s = q - -2. Suppose 0*n - 7*n + 266 = s. What is the units digit of n?
8
Let k = -49 + 58. Suppose -12*t + 66 = -k*t. What is the units digit of t?
2
Suppose -15 = -5*q - 60. Let u(x) = -x + 5. What is the units digit of u(q)?
4
Suppose 48 = 4*n + 2*w, 5*n - 2*w - 49 = w. Let o(c) be the third derivative of -c**5/60 + 5*c**4/12 + 2*c**3 + 2*c**2. What is the units digit of o(n)?
1
Suppose -12 + 9 = -3*d. What is the units digit of 180/3 + (-5)/d?
5
Let n be -14 + 80 - (-1 + -1). Suppose -n = -2*u - 4*j, -u + 6*u = -j + 188. What is the units digit of u?
8
Let p be (1316/(-70))/(4/(-10)). Let y = 8 + p. Suppose r = 2*d + y, -3 = 2*d + 1. What is the units digit of r?
1
Suppose 0 = 5*y + 20, -y = 4*u + 4*y + 40. Let c(i) = -9*i - 6. What is the tens digit of c(u)?
3
Suppose 0 = 5*t - 4*j - 2861, 5*t - j - 2870 = -6*j. What is the tens digit of t?
7
Suppose -29 - 7 = -6*q. Let t = 0 + q. Suppose 4*p - t*p + 80 = 0. What is the units digit of p?
0
Suppose 6*f - 282 - 30 = 0. What is the tens digit of f?
5
Let v(o) = 13*o**2 + 20*o - 1. What is the tens digit of v(4)?
8
Suppose 17*q - 298 = 1793. Let r(t) = 2*t - 4. Let j be r(4). Suppose j*f - q = 29. What is the units digit of f?
8
Suppose 0*q + 8 = 2*q. Let y = -47 - -52. Suppose -2*r + y*r - 125 = 5*w, 2*r - q*w - 86 = 0. What is the units digit of r?
5
What is the units digit of ((-1251)/(-6))/(123/328)?
6
Let c(m) = m**2 - 20*m - 3. Let p be c(10). Let f = p + 224. What is the units digit of f?
1
Suppose -2*z + 0*z = 4*a + 38, a + 131 = -5*z. Let m = 2 - z. What is the tens digit of m?
2
Let t(y) = 0 - 3*y + 4 + 2. Let m be t(-6). Suppose 4*d - m = -0*d. What is the units digit of d?
6
Suppose -3*k + 24 - 18 = 0. Suppose k*s = 134 + 486. What is the units digit of s?
0
Let y(o) = o**2 + 6*o - 11. Let j be y(2). Suppose 32 = 2*n - 2*l - 160, -j*n + 488 = -3*l. What is the units digit of n?
0
Let j be 3/4 - 49/(-4). Suppose -j = -4*w - 1. Suppose 143 = w*f + 5*d, -6*f + d 